9*a + 5. Let v(s) = -10*s - 6. Let c(d) = 5*q(d) + 4*v(d). What is the remainder when c(2) is divided by 6?
5
Suppose -8*q + 3*q = -5*v - 30, 2*q = 8. What is the remainder when (-1)/v - 230/(-4) is divided by 15?
13
Let t = 1 - 3. Calculate the remainder when 38 is divided by -13*t*1/2.
12
Let a = 230 - 124. Calculate the remainder when a is divided by 36.
34
Suppose 0 = -4*p - 0*p + 24. Suppose 0 = f - p*f + 115. What is the remainder when f is divided by 8?
7
Let w(p) = -p**2 + 11*p - 9. What is the remainder when 35 is divided by w(7)?
16
What is the remainder when 324/(-8)*(-2)/3 - -3 is divided by 18?
12
Suppose 2 = 3*q - 82. What is the remainder when 137 is divided by q?
25
Suppose v - 7 = 7. Let z(i) = 7*i - 2. Let o be z(2). Let h = v + o. What is the remainder when h is divided by 14?
12
Let w(f) be the second derivative of f**5/10 + f**4/6 - f**3/6 - 2*f. What is the remainder when 5 is divided by w(1)?
2
Let o(h) = h**3 + 11*h**2 + 10*h. Let i be o(-10). Suppose -5*p + 12 + 3 = i, 4*f - 77 = -3*p. Calculate the remainder when 65 is divided by f.
14
Let j = 3 - -3. Suppose -467 = -4*z - 3*b, -3*b = -3*z - 2*b + 334. Suppose 6*x - z + 11 = 0. What is the remainder when x is divided by j?
5
Suppose -623 - 961 = -12*n. Calculate the remainder when n is divided by 46.
40
Calculate the remainder when (-7 + 4)/(1/(-53)) + -4 is divided by 12.
11
Let m = 25 + -6. Suppose -3*y = -103 - 5. What is the remainder when y is divided by m?
17
Let i(z) = z**3 - 2*z**2 + 5*z + 3. Let y be i(4). Let o(b) = 2*b**2 - 8*b - 5. Calculate the remainder when 1 + y/1 + -1 is divided by o(6).
17
Suppose -2*i - 32 = -3*q - 7*i, -q = 4*i - 20. Let n be -2*(0 - (-2)/q). What is the remainder when 16 is divided by n*(3/3 - 10)?
7
Let l(f) = f. Let x be l(2). Let u(b) = -b**3 - 4*b**2 - 4*b - 9. Let a be u(-4). Suppose x*z + a = 3*z. What is the remainder when 19 is divided by z?
5
Let q(x) = x**2 - 12*x + 13. Calculate the remainder when q(17) is divided by 33.
32
Let l = 37 - 17. What is the remainder when 24 is divided by l - 8 - (1 - 2)?
11
Let g = 17 - 3. Calculate the remainder when g is divided by 6.
2
Suppose -6*o + 25 = -o - c, c = 3*o - 17. What is the remainder when 610/(-61)*(1/(-2) - 1) is divided by o?
3
Suppose 25 = -5*s, 3 = -5*r + 4*s + 48. Suppose 0*d - r*d - 3*b = -310, -3*d + 5*b + 152 = 0. Calculate the remainder when d is divided by 12.
11
Suppose -4*w + 424 + 12 = 0. What is the remainder when w is divided by 37?
35
Suppose 2*v = -2*v + 44. Suppose -4*s = -u - 44, -s = -3*u - 11 - v. Calculate the remainder when (-714)/(-24) + 6/(-8) is divided by s.
9
Calculate the remainder when 64 is divided by (8 - 4) + -2 + 11.
12
Let j(y) = y**2 + 4*y + 8. Let q be -5 - (1 - 1 - -1). Suppose -24 = -5*g + 11. What is the remainder when j(q) is divided by g?
6
Let r(p) = -3*p**2 - 11*p + 9. Let z(j) = 4*j**2 + 11*j - 10. Let l(x) = 3*r(x) + 2*z(x). Calculate the remainder when l(-6) is divided by 13.
11
Suppose -5*z + 79 + 61 = 0. Suppose -4*g = -z + 8. What is the remainder when 12 is divided by g?
2
Let a(f) = -f**2 - f. Let t be a(-1). Suppose -z + 17 = -t*z. What is the remainder when 48 is divided by z?
14
Let g = -48 - -69. Let z = 2 + 6. What is the remainder when g is divided by z?
5
Suppose -65 = -5*m + 50. Calculate the remainder when 89 is divided by m.
20
Let t be (2/(-6))/(2/6). Let c(o) = -13*o - 1. Let r(z) = 2*z**2 - 4*z + 5. Calculate the remainder when r(-3) is divided by c(t).
11
Let k be 4/(2 + -3 - -3). Suppose 5*w = -20, 4*w + 3 - k = -v. Suppose -4*o + v = -1. What is the remainder when 13 is divided by o?
1
Let o(y) = y**2 - 4*y - 8. Let b be o(6). Let z(u) = -42 + 15 + 2*u**2 + 13 + 18 - 4*u. What is the remainder when 58 is divided by z(b)?
18
Let p(t) = t**2 + 5*t - 2. Let x be p(-6). Suppose -s - 30 = -x*s. Calculate the remainder when s is divided by 3.
1
Let f(w) = -3*w + 33. What is the remainder when 22 is divided by f(9)?
4
Suppose n = 5*r - 277, -21*r - 5*n - 65 = -22*r. What is the remainder when r is divided by (-21)/2*8/(-6)?
13
Let t be 190/45 - (-4)/(-18). Let x(g) = 3*g**2 - 6*g. What is the remainder when x(t) is divided by 13?
11
What is the remainder when 97/1 - (-5)/(5/2) is divided by 51?
48
Let s be -1 + -1 - (3 - -1). Let b = s + 19. Suppose -3*n + 4*f = -56, -2*n = -5*n + 2*f + 64. Calculate the remainder when n is divided by b.
11
Let n(j) = -j**2 + 8*j. Let d be n(6). Suppose 0 = -5*b + 4*h - 12 + 2, 4*b + d = 4*h. Calculate the remainder when 3 is divided by b.
1
Let i(c) = -c. Calculate the remainder when 19 is divided by i(-5).
4
Let j(k) = 2*k**2 - 5*k - 5. Suppose -6 = w + 4. Let t(v) = v**3 + 10*v**2 + 12. Calculate the remainder when j(-4) is divided by t(w).
11
Let k be 5/(5/4) + 0. Let i = -1 + k. Calculate the remainder when 9 is divided by i.
0
Let d(z) = z**3 + 7*z**2 - 6*z + 8. Calculate the remainder when d(-6) is divided by 41.
39
Let w(r) = r**2 - 2. Calculate the remainder when w(-4) is divided by 8.
6
Suppose 3*w + 6 = 12. Calculate the remainder when ((-1)/w)/((-1)/62) is divided by 8.
7
What is the remainder when 5/(25/10) + 36 is divided by 7?
3
Suppose -108 + 85 = -w. Calculate the remainder when 66 is divided by w.
20
Let v = 9 + -3. Let t = 0 - -3. What is the remainder when v is divided by t?
0
Let k(s) = -3*s + 16. Calculate the remainder when k(-9) is divided by 12.
7
What is the remainder when 39 + (-5)/((-10)/(-6)) is divided by 11?
3
Let k(q) = 2*q**2 - 5*q. Let u be k(8). Suppose -2*g + 8 = 0, s + 3*g - u = -22. What is the remainder when s is divided by 8/16 + (-54)/(-4)?
12
Let n be 19/2 + (-2)/(-4). Suppose -g = 5*u - 45, 0*g - n = -2*g. Suppose 12 = 2*y + 2*y + 5*f, y = -5*f + 3. What is the remainder when u is divided by y?
2
Let a = -6 - -16. What is the remainder when 58 is divided by a?
8
Suppose 4 = -y + 2*c - 5, 9 = -y - 5*c. Let i(q) = -q**3 - 10*q**2 - 10*q + 10. What is the remainder when 56 is divided by i(y)?
18
Let l(f) = f**2 + 3*f + 2. What is the remainder when 46 is divided by l(-5)?
10
Suppose 5*v - 2*y = -3*y + 53, v - 13 = -y. Calculate the remainder when 36 is divided by v.
6
Let s = 2 - -1. Suppose 13 = 5*n + 4*t, -2*t - 11 = 2*n - s*n. What is the remainder when 18 is divided by n?
3
Let k(x) = -28*x + 4. Let l be k(-3). Suppose -12*v + l = -10*v. What is the remainder when v is divided by 15?
14
Let z(j) = 1 - 8*j + 0*j - 6*j + 3*j. Let s(q) = -12*q**3 - 2*q - 1. Calculate the remainder when z(-2) is divided by s(-1).
10
Suppose -3*x - 5*t = -100, -4*x - 4*t + 108 = -20. What is the remainder when x is divided by 11?
8
Let u(i) be the second derivative of i**4/12 - i**3/2 - i**2 + 6*i. Suppose -7 - 68 = -5*q. Calculate the remainder when q is divided by u(-2).
7
Calculate the remainder when 1*(56 - 6) + 2 is divided by 12.
4
Let g(d) = 2*d**2 + 9*d + 15. What is the remainder when 29 is divided by g(-3)?
5
Suppose l + 130 = 6*l. Suppose -8*x + 3*x = -45. What is the remainder when l is divided by x?
8
Let u(y) = -y**3 + 16*y**2 + 21*y - 32. Calculate the remainder when u(17) is divided by 8.
4
Let f = 21 + -16. Let y = 32 - f. What is the remainder when y is divided by 7?
6
Let x(f) = f**3 - 5*f**2 + 4*f - 6. Let k be x(4). Let u = 72 - k. Calculate the remainder when u is divided by 27.
24
Let y = 113 - 79. What is the remainder when y is divided by 18?
16
Let i = -2 + 0. Let l = i - 2. What is the remainder when 15 is divided by (-74)/(-9) + l/18?
7
Calculate the remainder when (99/(-12))/((-12)/128) is divided by 30.
28
Suppose 28 - 3 = 5*r, 4*m = 2*r + 2. Suppose -m*c + 5*c = 0. Let s(l) = l + 5. Calculate the remainder when 14 is divided by s(c).
4
Let h = 12 + 21. What is the remainder when h is divided by (-1 - 6)*(-9)/7?
6
Suppose 5*p + s + 29 = 0, -3*p + 2*s = -0*s + 20. Let k(q) = -q - 4. Calculate the remainder when k(p) is divided by 2.
0
Suppose -9 = 3*p - 0. Let f = 1 - p. Calculate the remainder when 7 is divided by f.
3
Suppose 298 = 5*h + 3. Suppose -16*g + 201 + 39 = 0. What is the remainder when h is divided by g?
14
Let f = 126 - -9. Let j = f - 84. Calculate the remainder when j is divided by 18.
15
Let v be ((-3)/2)/((-9)/(-24)). Let n(o) = -o**3 - 3*o**2 + 2*o + 2. Let a = 5 - -13. What is the remainder when a is divi